is the greatest common factor of 168 and 102072?
24
Calculate the highest common divisor of 591 and 337264.
197
What is the greatest common factor of 9 and 567897?
3
Calculate the highest common factor of 1131995 and 235.
235
Calculate the greatest common factor of 6 and 37516.
2
Calculate the highest common factor of 149342 and 534.
178
What is the highest common divisor of 1336 and 1208?
8
What is the greatest common factor of 28492 and 84638?
838
What is the highest common factor of 55215 and 3375?
135
Calculate the highest common divisor of 14 and 11851.
7
What is the greatest common factor of 59808 and 3?
3
Calculate the highest common divisor of 113631 and 6125.
49
What is the greatest common divisor of 792 and 1378212?
132
Calculate the greatest common divisor of 5 and 8473475.
5
What is the greatest common factor of 792 and 1467?
9
What is the greatest common divisor of 1469 and 11413?
113
What is the highest common factor of 3894 and 10278213?
1947
Calculate the highest common factor of 29 and 16477423.
29
What is the greatest common divisor of 260 and 265460?
260
Calculate the greatest common divisor of 3840 and 188480.
320
What is the highest common divisor of 4185 and 302157?
837
Calculate the highest common factor of 46 and 2558474.
46
Calculate the highest common factor of 111 and 50098.
37
Calculate the highest common factor of 50 and 6380.
10
What is the greatest common divisor of 47 and 352453?
47
What is the greatest common factor of 394 and 413503?
197
Calculate the greatest common factor of 202078 and 382.
382
What is the greatest common factor of 747 and 49468?
83
What is the greatest common factor of 17473 and 1557?
173
What is the highest common factor of 132250 and 150?
50
What is the highest common divisor of 220 and 6688?
44
What is the greatest common divisor of 5193 and 47891?
577
What is the greatest common factor of 2149 and 11?
1
What is the greatest common divisor of 8 and 306?
2
Calculate the greatest common divisor of 309535 and 930.
155
Calculate the greatest common factor of 3 and 1864.
1
What is the highest common factor of 531675 and 612?
153
What is the greatest common factor of 131595 and 930?
465
What is the highest common divisor of 168 and 806112?
24
What is the greatest common divisor of 966920 and 552?
184
What is the highest common divisor of 1316924 and 588?
196
What is the greatest common divisor of 480148 and 16031?
391
Calculate the greatest common factor of 105710 and 55.
55
What is the highest common divisor of 2513 and 20463?
359
Calculate the highest common factor of 38006 and 31.
31
Calculate the greatest common factor of 36 and 63564.
12
What is the greatest common factor of 1347735 and 15?
15
Calculate the greatest common factor of 54247 and 1207.
17
What is the highest common factor of 3546290 and 626?
626
Calculate the greatest common factor of 387525 and 270.
15
What is the greatest common factor of 162 and 4630608?
162
What is the highest common divisor of 181010 and 230?
230
Calculate the greatest common divisor of 45712 and 16.
16
What is the highest common divisor of 21 and 103467?
21
What is the highest common factor of 1018368 and 16?
16
Calculate the highest common factor of 312 and 108372.
12
Calculate the greatest common factor of 676 and 52364.
52
Calculate the greatest common factor of 5029 and 35310.
107
Calculate the greatest common divisor of 1620 and 20223.
27
What is the highest common divisor of 325542 and 138?
138
What is the greatest common factor of 2738 and 4958?
74
What is the greatest common factor of 166325 and 50?
25
Calculate the greatest common divisor of 139581 and 117.
117
Calculate the highest common factor of 61922 and 42.
14
What is the highest common divisor of 674546 and 734?
734
Calculate the greatest common divisor of 36946 and 13.
13
What is the highest common factor of 66 and 18777?
33
What is the greatest common factor of 15 and 4381995?
15
Calculate the greatest common divisor of 1536 and 5.
1
Calculate the highest common factor of 30 and 197670.
30
Calculate the highest common factor of 433736 and 88.
8
What is the greatest common factor of 11830 and 130?
130
Calculate the highest common factor of 1504 and 7536.
16
Calculate the highest common factor of 80 and 29060.
20
Calculate the greatest common factor of 1152968 and 1336.
1336
What is the highest common factor of 7917 and 13104?
273
Calculate the highest common factor of 333 and 150331.
37
What is the highest common factor of 14248 and 2444?
52
Calculate the highest common factor of 98 and 1525538.
14
Calculate the greatest common factor of 1552 and 5507272.
776
What is the greatest common factor of 392 and 1704808?
392
What is the greatest common divisor of 80 and 7090?
10
Calculate the greatest common factor of 276751 and 2943.
109
What is the greatest common divisor of 215823 and 1?
1
What is the greatest common factor of 2054 and 855570?
158
Calculate the highest common divisor of 21700 and 32900.
700
What is the highest common divisor of 7869 and 33024?
129
What is the greatest common divisor of 177151 and 13?
13
Calculate the greatest common divisor of 2242 and 76.
38
Calculate the highest common factor of 43194 and 276.
138
What is the highest common factor of 207 and 325174?
23
Calculate the highest common divisor of 1755 and 84435.
195
What is the greatest common divisor of 1376122 and 426?
142
Calculate the greatest common factor of 4404 and 1740.
12
Calculate the highest common factor of 101995 and 25.
5
What is the highest common divisor of 420 and 269710?
70
Calculate the highest common divisor of 15309 and 2673.
243
What is the highest common factor of 800 and 784?
16
What is the greatest common divisor of 93968 and 672?
112
What is the greatest common factor of 145285 and 4410?
245
What is the highest common factor of 1174363 and 123?
41
What is the highest common factor of 37922 and 3350?
134
Calculate the highest common divisor of 1373 and 1.
1
Calculate the highest common factor of 39 and 32631.
3
Calculate the greatest common factor of 341611 and 251.
251
What is the highest common factor of 66 and 57?
3
Calculate the greatest common factor of 8277 and 1395.
93
What is the highest common factor of 185381 and 7?
7
Calculate the highest common factor of 603 and 6204267.
603
What is the greatest common divisor of 103092 and 946?
22
Calculate the greatest common factor of 414 and 1206.
18
Calculate the highest common factor of 19669 and 143.
13
What is the highest common factor of 713 and 5318267?
713
What is the highest common divisor of 11620 and 2573?
83
What is the highest common divisor of 36410 and 11254?
662
What is the highest common factor of 221250 and 6?
6
What is the greatest common divisor of 56854 and 3472?
434
Calculate the greatest common divisor of 192 and 5824.
64
Calculate the greatest common factor of 3648 and 87.
3
Calculate the greatest common divisor of 309674 and 134.
134
What is the highest common factor of 13395 and 813570?
705
What is the highest common factor of 11 and 1942270?
11
What is the highest common factor of 119 and 19907?
17
Calculate the greatest common factor of 264 and 49344.
24
What is the greatest common factor of 237 and 77894?
79
What is the greatest common divisor of 1545 and 2472?
309
What is the greatest common divisor of 1856754 and 1044?
522
Calculate the greatest common factor of 112 and 1920072.
56
Calculate the greatest common factor of 315 and 141785.
35
Calculate the highest common divisor of 100 and 243050.
50
Calculate the greatest common divisor of 1042969 and 2434.
1217
Calculate the highest common factor of 23 and 17273.
23
What is the greatest common factor of 1143436 and 2526?
842
Calculate the highest common factor of 46013 and 2225.
89
Calculate the greatest common factor of 216 and 250092.
36
What is the highest common factor of 14616 and 1272?
24
What is the highest common factor of 763475 and 25?
25
What is the highest common divisor of 14257 and 901?
53
What is the highest common divisor of 107311 and 4063?
239
What is the greatest common factor of 2539854 and 4172?
298
Calculate the highest common divisor of 2544050 and 205.
205
What is the greatest common factor of 8740 and 6670?
230
Calculate the gre